 2).
5
What is the value of -27 + 52 + -98 - -41?
-32
What is the value of -6 - (11 - 17 - (-6 - -13 - -9))?
16
Evaluate -2 + -5 + 14 + (-4 - -4).
7
What is -29 - (-9 - (0 + -7 - -10))?
-17
-1 + 22 - 41 - -29
9
-26 + (1 - -17) + 14
6
4 + (36 + -39 + -1 + 0 - 2)
-2
Calculate (117 - 126 - (1 + -9 - 2)) + 2.
3
What is 18 + (-12 + 15 - 21)?
0
Evaluate -8 + -1 - (2 + -1) - (-17 - -9).
-2
-2 + (-5 + 4 - -16) - 12
1
Evaluate 5 + (-2 - -3 - (7 + -10 + 4)).
5
Evaluate 2 - (6 + (10 + -6 - 3) + -6).
1
2 + 5 + (4 - (19 - 9))
1
23 + (-5 - (-6 + (-3 - -4) + 4))
19
Calculate -4 - 1 - -20 - (10 + 8 + -13).
10
9 - 15 - (3 - (-3 + 5 - 3))
-10
Calculate -11 + 8 + (7 - -9) - 17.
-4
What is the value of (-71 + 56 - (2 + -7)) + 7?
-3
Evaluate -5 - (-20 - ((6 - (7 + 1)) + 7)).
20
What is the value of -10 + -2 + 23 - 0 - (34 - -2)?
-25
What is the value of 25 + 1 + (-30 - -23)?
19
-17 + 17 + -5 + -7 + -7
-19
What is the value of 3 + (1 - 13) + -27 + 37?
1
What is the value of 2 + (13 + -14 - -3)?
4
Calculate -8 - (-6 - (-8 - (-3 - -7))).
-14
Evaluate 7 + -30 - (-82 + 30).
29
What is 0 + -1 + (214 - 214)?
-1
-5 + 4 + -1 + 4 + 0 + 0
2
Calculate 11 + -9 + (-8 - (-2 - 8)).
4
Calculate 29 + 12 + (2 + 3 + 6 - 18).
34
Calculate 9 + (-26 - -3 - (-4 - 9)).
-1
What is the value of (-6 + 14 - 6) + -12 + 0?
-10
-7 - (25 - 13) - -26
7
What is the value of -4 - (0 + 2) - (19 - 11 - 0)?
-14
15 + 5 + -2 + (28 - 28) + -10
8
What is the value of -12 + (-10 - (-3 + -21))?
2
What is the value of -2 - ((14 - 4) + -9)?
-3
Evaluate -6 + (5 - 3) + (10 + -11 - -5).
0
0 + 2 - (4 + -18 + (-60 - -77))
-1
What is the value of -2 + (0 - -4) + 10 + -5 + 2?
9
-4 - (5 - (16 + -4) - (3 + 0))
6
What is (-3 - 3 - 0) + -10 + (5 - -1)?
-10
What is -19 - (9 - (22 + 5 + -7))?
-8
What is the value of (-8 - (6 - 5)) + 4 - 4 - 1?
-10
Evaluate (-16 - (1 - 5) - -2) + (23 - 14).
-1
What is 5 + (-2 - -6) + (-3 - -3)?
9
Evaluate -10 + -36 + 43 + -34.
-37
Calculate -16 + -5 + 12 + -17 + -20 + 14.
-32
What is (-2 - -5) + 7 + -9 + 0?
1
Calculate -9 - (16 - 30 - -6).
-1
What is the value of (-13 - -6) + 7 + -10 - (-4 + -2)?
-4
Evaluate (2 - 5) + -9 + (28 + -39 - -6).
-17
8 + (382 - 391 - (1 + -1 - 0))
-1
8 + 5 + -9 - 8
-4
What is 10 - (15 - (-14 + (-5 - -9) + 6))?
-9
What is 6 - (-2 + (4 - -1 - 4) - 0)?
7
Calculate -6 - -1 - (-30 + (-47 - -92)).
-20
What is -2 - (-8 + 2) - -4?
8
(-4 - (-23 + -12) - 11) + -2
18
What is 8 + (15 - 12) + -16?
-5
(31 - 28) + 23 - -9
35
What is the value of 12 + (-8 - (10 + -14)) + (8 - 1)?
15
10 - -19 - (29 - -29)
-29
What is the value of -8 + 2 + (2 - -2 - (21 - 20))?
-3
What is the value of (-33 - (9 - 9)) + 6 - (1 + -3)?
-25
Evaluate 4 - -1 - (85 - 90) - 3.
7
What is 132 + -140 + -2 + 7?
-3
Evaluate (4 - (-6 + 5 + 2)) + -11.
-8
What is the value of 23 - 15 - (3 - -12)?
-7
2 + (-4 - -1 - 3) + 4
0
Calculate -13 + 6 + -4 - (12 - 3).
-20
What is the value of -5 - (-1 + (6 - 9) + 3)?
-4
What is the value of (-3 - -5 - 4) + (-126 - -133)?
5
Evaluate (29 - 8) + (-2 - (-5 - -9)).
15
Calculate 11 + -16 + 4 + -6 + 2.
-5
What is the value of -4 + (4 - (-7 + 6 + 1))?
0
What is (-1 + 4 + -1 - 18) + (-480 - -487)?
-9
What is the value of (3 - -12) + -12 + (-24 - -6)?
-15
What is the value of 1 + 6 - (2 - (-8 + 7)) - 2?
2
What is the value of (2 - 2 - 12) + (-66 - -61)?
-17
Evaluate 14 + -10 + (10 - -8 - 8).
14
(-4 - (2 + (5 - 6) + -6)) + 0
1
2 + (-3 - (7 + -7)) + -5
-6
What is -33 + 11 + 28 - -4?
10
Calculate -7 - (-11 + 4 + -4 - -4).
0
Evaluate -22 - (-9 + 10) - 5 - (-2 - 0).
-26
Calculate (-10 - 1) + (-30 - -65) + -23.
1
Evaluate (6 - 0) + -57 + 27 + 10 + -17.
-31
What is 8 + (-2 - ((3 - (-3 + 9)) + -1))?
10
-5 + 2 - (-16 + 6)
7
What is (17 - 7) + (-178 - -177 - (-1 - 18))?
28
What is -5 + 9 + 0 + -13 - -5?
-4
10 - 2 - (163 + -170)
15
Calculate 2 + -9 + (-7 - -18).
4
Evaluate 10 + (3 - (-7 - -10) - 0) + 5.
15
16 + (-3 - -9) + -22
0
What is -9 - -15 - 3 - (-2 - 1)?
6
Evaluate 8 + (7 + -13 - 1) + 2.
3
-3 - -20 - (4 - (10 + (9 - 17)))
15
What is the value of -14 + 12 + 1 - (-6 - -2)?
3
What is (-1 - (0 + -6)) + -21 + (8 - -11)?
3
What is 2 - (-5 - -12) - -1?
-4
(39 - 79) + 2 - -16
-22
Calculate -2 + -1 + (-19 - -16 - 11 - -11).
-6
What is 0 + 3 + -23 - -9?
-11
-1 + 10 - ((-9 - 3) + 14)
7
Evaluate -31 + (-1 + -6 - (-5 + 25 + -35)).
-23
What is (-10 + 22 - 25) + 9 + 15?
11
What is the value of -11 - 0 - (-498 + 464)?
23
What is 33 - (5 + -2 + 0 - (-181 - -181))?
30
Evaluate (29 - 14 - 11) + (-9 - 0) - -16.
11
4 + -26 + (-5 - -11)
-16
Calculate (-1 - -6 - (-14 + 14)) + -30 + 5.
-20
What is the value of -11 - (-1 - (-28 + 20)) - (-2 - -5)?
-21
What is the value of -25 - (-4 + -9) - (-6 - 0)?
-6
What is the value of -5 - (-28 + -7 + -3) - 11?
22
What is 4 + 12 + (23 - 19 - -14)?
34
What is the value of -25 + (17 - (3 - -15)) - (0 + 0)?
-26
What is -9 + 5 - -2 - (3 - 9)?
4
What is -39 + 0 + -24 + 41?
-22
Calculate (-1 - -20) + (-32 - -14) + (-1 - 7).
-7
-158 + 135 - (3 + -44)
18
1 + -2 + -8 - (-1060 + 1051)
0
Evaluate -11 + 18 + -16 + -2.
-11
Evaluate 2 - 1 - 2 - (-129 - -145).
-17
-54 + 3 + (-33 - -47)
-37
-3 + 57 + -16 - 71
-33
Calculate 0 - 9 - (26 - 31).
-4
What is the value of -45 - (-3 - 22) - -19?
-1
What is the value of -8 - (-17 - (-42 + 10) - (0 + 4))?
-19
What is -9 - -3 - (2 + -6) - (1 + -18)?
15
What is the value of -18 + 30 + 2 + -16 + 2?
0
Evaluate (-1 - 16 - -15) + 3.
1
-19 - (2 - -8) - -16
-13
What is the value of -11 + 11 + -13 + (-2 - -11)?
-4
Evaluate (-2 - -4) + (-513 - -528).
17
What is the value of 23 + 8 + (-20 - (-7 - (1 - 2)))?
17
1 - -7 - (1 - 0 - (33 - 30))
10
Evaluate 38 + -29 - ((-2 - 2) + 9).
4
Calculate 4 - (5 + (0 - -3)).
-4
Evaluate -11 + 1 + -163 + 169.
-4
What is 20 + (-24 - -34) + -24?
6
Evaluate 2 - (-1 - -3) - (-20 - (-23 - -9)).
6
What is -19 + 11 + 5 + (1 - 1 - -24)?
21
Calculate 20 - 24 - (1 + -4 + 8 + -29).
20
Calculate 5 - ((0 - -4) + (5 - 1) + -19).
16
-1 + (-12 - -2) - (-17 - -3)
3
Evaluate -16 + 20 + (0 - -2) + 0.
6
What is 7 + -13 + (3 - 6) + -4?
-13
Evaluate -116 + 123 + (8 - 3).
12
-7 + (-10 + 3 - (-4 - -2) - 3)
-15
What is 37 - (-5 + 9 + -9 - -19)?
23
What is -13 + 6 + (15 - 0)?
8
What is -3 + (21 - (-7 + -6))?
31
What is the value of 4 + -2 + -3 + 3 - (-42 + 55)?
-11
0 + (-5 - (8 + 8 + -11))
-10
Calculate (-2 - 1) + (0 + 0 - -4) + -2.
-1
(-2 - 0 - 0) + 10 + (83 - 87)
4
-20 + -5 - -49 - -1
25
What is -6 + (11 - 1) + -5 + 14?
13
Evaluate 2 - (2 + (0 - (-2 + 0)) + -1).
-1
Calculate (10 + -2 - 0) + -14 + 0.
-6
What is the value of 6 + -9 - (5 - (-4 + -10 + 7))?
-15
(15 - 7 - 23) + (9 - 7)
-13
Calculate 3 + 5 - (-15 + 15).
8
Evaluate 11 - (-1 - 0) - (44 - -13 - 18).
-27
Evaluate (50 - 44) + (3 - 1).
8
Calculate 3 + 2 - 3 - 3.
-1
What is the value of -1 - (20 - (-2 - -7 - 3))?
-19
-1 - (-16 + (18 - (10 + -2)))
5
What is 22 + 12 - 71 - (-1 - 3)?
-33
Evaluate (-13 + 16 - -24) + -22.
5
-211 + 225 + -19 + 5
0
What is -14 + -4 + 21 + -6?
-3
Evaluate (-27 + 28 - (13 - -1)) + 6 + -2.
-9
Evaluate (-8 - 17) + 8 + 8.
-9
Calculate 2 - -1 - (17 - 4 - 22).
12
Calculate -1 + (-2 + 12 - (-17 + (9 - -10))).
7
(-2 + 2 + 1 - (-77 + 73)) + 2
7
18 + -37 + (-12 - -21)
-10
Calculate (-17 + -6 + -1 + 11 - -9) + 9.
5
Calculate -1 - (-17 - (4 + -14)).
6
Calculate -1 + -3 + 659 + -629.
26
3 - -2 - ((3 - -1) + 5 + 7)
-11
-28 - -1 - -5 - (4 - 26 - -18)
-18
10 - (-5 + (3 - 2 - -7))
7
What is the value of (-5 - -37) + -11 - (-13 - -27)?
7
What is the value of (-22 + 3 - -15) + 2?
-2
Calculate -5 - (10 + -24 + 17 - (0 - 8)).
-16
What is the value of -6 + 3 - ((-3 - (-11 - 2)) + -6)?
-7
(1 - (-2 + -2)) + (-11 + -2 - -12)
4
Calculate -6 - (2 + 1 + 12 - (358 - 348)).
-11
(-61 - -16) + 35 - (2 - 1 - -14)
-25
5 + (-4 - (12 + -14)) + (12 - -2)
17
(4 - (-8 + -1 - -13)) + -11
-11
What is (-79 - -80) + (-1 - 11) + 3 + 3?
-5
Evaluate (1 - 2) + -5 - (11 - 8).
-9
What is the value of -24 + (-38 - -102) - 74?
-34
Evaluate -15 - ((15 - -2 - 22) + 5).
-15
401 - 417 - (0 - 32)
16
Calculate 29 + 2 + (-10 + -5 - (-11 + 6)).
21
What is -1 - 2 - (-61 - -67)?
-9
12 - 0 - (-7 + 12 + -9)
16
Evaluate (-6 - -5) + -31 + (-7 - -22).
-17
(-573 - -566) + -5 + -3
-15
Calculate (28 - 13 - 15) + -2 + 1 + -9.
-10
What is the value of 256 - 231 - (1 + 12)?
12
Calculate 17 - (-15 + -34 - -40).
26
Evaluate (30 - -16 - 18) 